{"id":18651,"date":"2020-06-23T15:25:09","date_gmt":"2020-06-23T13:25:09","guid":{"rendered":"https:\/\/dev.ferienwohnungen-graef.de\/?page_id=18651"},"modified":"2020-07-06T15:53:43","modified_gmt":"2020-07-06T13:53:43","slug":"afdruk","status":"publish","type":"page","link":"https:\/\/www.ferienwohnungen-graef.de\/nl\/afdruk\/","title":{"rendered":"Afdruk"},"content":{"rendered":"<div class=\"wpb-content-wrapper\"><p>[vc_row css=&#8221;.vc_custom_1547636865935{padding-top: 40px !important;padding-bottom: 85px !important;}&#8221;][vc_column width=&#8221;1\/2&#8243; css=&#8221;.vc_custom_1548332750396{padding-right: 6% !important;}&#8221; el_class=&#8221;rs_col-sm-12&#8243;][vc_column_text]<\/p>\n<div class=\"desc clear noBorder\">\n<p><strong>Ferienwohnungen Ute Gr\u00e4f<\/strong><br \/>\nOberbachstra\u00dfe 69<br \/>\n56812 Cochem<br \/>\nDuitsland<\/p>\n<p>Telefoon: 02671\/60 32 04<br \/>\nMobieltje: 0049 151 2404 16 12 (after 2:30 p.m.)<br \/>\nE-mail: <a title=\"info@ferienwohnungen-graef.de\" href=\"mailto:info@ferienwohnungen-graef.de\">info@ferienwohnungen-graef.de<\/a><br \/>\n<a title=\"www.ferienwohnungen-graef.de\" href=\"http:\/\/www.ferienwohnungen-graef.de\">www.ferienwohnungen-graef.de<\/a><\/p>\n<p>&nbsp;<\/p>\n<p><strong>Web Design &amp; Implementatie:<\/strong><br \/>\nEYETM | Design &amp; Kommunikation<br \/>\n<a title=\"www.eyetm.com\" href=\"http:\/\/www.eyetm.com\">www.eyetm.com<\/a><\/p>\n<\/div>\n<p>[\/vc_column_text][\/vc_column][vc_column width=&#8221;1\/2&#8243; css=&#8221;.vc_custom_1548332757252{padding-left: 8% !important;}&#8221; el_class=&#8221;rs_col-sm-12&#8243;][vc_single_image image=&#8221;17607&#8243; img_size=&#8221;large&#8221;][\/vc_column][\/vc_row]<\/p>\n<\/div>","protected":false},"excerpt":{"rendered":"<p>[vc_row css=&#8221;.vc_custom_1547636865935{padding-top: 40px !important;padding-bottom: 85px !important;}&#8221;][vc_column width=&#8221;1\/2&#8243; css=&#8221;.vc_custom_1548332750396{padding-right: 6% !important;}&#8221; el_class=&#8221;rs_col-sm-12&#8243;][vc_column_text] Ferienwohnungen Ute Gr\u00e4f Oberbachstra\u00dfe 69 56812 Cochem Duitsland Telefoon: 02671\/60 32 04 Mobieltje: 0049 151 2404 16 12 (after 2:30 p.m.) E-mail: info@ferienwohnungen-graef.de www.ferienwohnungen-graef.de &nbsp; Web Design &amp; Implementatie: EYETM | Design &amp; Kommunikation www.eyetm.com [\/vc_column_text][\/vc_column][vc_column width=&#8221;1\/2&#8243; css=&#8221;.vc_custom_1548332757252{padding-left: 8% !important;}&#8221; el_class=&#8221;rs_col-sm-12&#8243;][vc_single_image image=&#8221;17607&#8243; img_size=&#8221;large&#8221;][\/vc_column][\/vc_row]<\/p>\n","protected":false},"author":1,"featured_media":0,"parent":0,"menu_order":0,"comment_status":"closed","ping_status":"closed","template":"","meta":{"footnotes":""},"class_list":["post-18651","page","type-page","status-publish","hentry"],"yoast_head":"<!-- This site is optimized with the Yoast SEO plugin v27.3 - https:\/\/yoast.com\/product\/yoast-seo-wordpress\/ -->\n<title>Afdruk - Ferienwohnungen Ute Gr\u00e4f<\/title>\n<meta name=\"description\" content=\"Ferienwohnungen Ute Gr\u00e4f - Afdruk - Oberbachstra\u00dfe 69 - 56812 Cochem - Duitsland\" \/>\n<meta name=\"robots\" content=\"index, follow, max-snippet:-1, max-image-preview:large, max-video-preview:-1\" \/>\n<link rel=\"canonical\" href=\"https:\/\/www.ferienwohnungen-graef.de\/nl\/afdruk\/\" \/>\n<meta property=\"og:locale\" content=\"nl_NL\" \/>\n<meta property=\"og:type\" content=\"article\" \/>\n<meta property=\"og:title\" content=\"Afdruk - Ferienwohnungen Ute Gr\u00e4f\" \/>\n<meta property=\"og:description\" content=\"Ferienwohnungen Ute Gr\u00e4f - Afdruk - Oberbachstra\u00dfe 69 - 56812 Cochem - Duitsland\" \/>\n<meta property=\"og:url\" content=\"https:\/\/www.ferienwohnungen-graef.de\/nl\/afdruk\/\" \/>\n<meta property=\"og:site_name\" content=\"Ferienwohnungen Ute Gr\u00e4f\" \/>\n<meta property=\"article:modified_time\" content=\"2020-07-06T13:53:43+00:00\" \/>\n<meta name=\"twitter:card\" content=\"summary_large_image\" \/>\n<script type=\"application\/ld+json\" class=\"yoast-schema-graph\">{\"@context\":\"https:\\\/\\\/schema.org\",\"@graph\":[{\"@type\":\"WebPage\",\"@id\":\"https:\\\/\\\/www.ferienwohnungen-graef.de\\\/nl\\\/afdruk\\\/\",\"url\":\"https:\\\/\\\/www.ferienwohnungen-graef.de\\\/nl\\\/afdruk\\\/\",\"name\":\"Afdruk - Ferienwohnungen Ute Gr\u00e4f\",\"isPartOf\":{\"@id\":\"https:\\\/\\\/www.ferienwohnungen-graef.de\\\/nl\\\/#website\"},\"datePublished\":\"2020-06-23T13:25:09+00:00\",\"dateModified\":\"2020-07-06T13:53:43+00:00\",\"description\":\"Ferienwohnungen Ute Gr\u00e4f - Afdruk - Oberbachstra\u00dfe 69 - 56812 Cochem - Duitsland\",\"breadcrumb\":{\"@id\":\"https:\\\/\\\/www.ferienwohnungen-graef.de\\\/nl\\\/afdruk\\\/#breadcrumb\"},\"inLanguage\":\"nl-NL\",\"potentialAction\":[{\"@type\":\"ReadAction\",\"target\":[\"https:\\\/\\\/www.ferienwohnungen-graef.de\\\/nl\\\/afdruk\\\/\"]}]},{\"@type\":\"BreadcrumbList\",\"@id\":\"https:\\\/\\\/www.ferienwohnungen-graef.de\\\/nl\\\/afdruk\\\/#breadcrumb\",\"itemListElement\":[{\"@type\":\"ListItem\",\"position\":1,\"name\":\"Startseite\",\"item\":\"https:\\\/\\\/www.ferienwohnungen-graef.de\\\/nl\\\/\"},{\"@type\":\"ListItem\",\"position\":2,\"name\":\"Afdruk\"}]},{\"@type\":\"WebSite\",\"@id\":\"https:\\\/\\\/www.ferienwohnungen-graef.de\\\/nl\\\/#website\",\"url\":\"https:\\\/\\\/www.ferienwohnungen-graef.de\\\/nl\\\/\",\"name\":\"Ferienwohnungen Ute Gr\u00e4f\",\"description\":\"Ferienwohnungen in Cochem an der Mosel\",\"inLanguage\":\"nl-NL\"}]}<\/script>\n<!-- \/ Yoast SEO plugin. -->","yoast_head_json":{"title":"Afdruk - Ferienwohnungen Ute Gr\u00e4f","description":"Ferienwohnungen Ute Gr\u00e4f - Afdruk - Oberbachstra\u00dfe 69 - 56812 Cochem - Duitsland","robots":{"index":"index","follow":"follow","max-snippet":"max-snippet:-1","max-image-preview":"max-image-preview:large","max-video-preview":"max-video-preview:-1"},"canonical":"https:\/\/www.ferienwohnungen-graef.de\/nl\/afdruk\/","og_locale":"nl_NL","og_type":"article","og_title":"Afdruk - Ferienwohnungen Ute Gr\u00e4f","og_description":"Ferienwohnungen Ute Gr\u00e4f - Afdruk - Oberbachstra\u00dfe 69 - 56812 Cochem - Duitsland","og_url":"https:\/\/www.ferienwohnungen-graef.de\/nl\/afdruk\/","og_site_name":"Ferienwohnungen Ute Gr\u00e4f","article_modified_time":"2020-07-06T13:53:43+00:00","twitter_card":"summary_large_image","schema":{"@context":"https:\/\/schema.org","@graph":[{"@type":"WebPage","@id":"https:\/\/www.ferienwohnungen-graef.de\/nl\/afdruk\/","url":"https:\/\/www.ferienwohnungen-graef.de\/nl\/afdruk\/","name":"Afdruk - Ferienwohnungen Ute Gr\u00e4f","isPartOf":{"@id":"https:\/\/www.ferienwohnungen-graef.de\/nl\/#website"},"datePublished":"2020-06-23T13:25:09+00:00","dateModified":"2020-07-06T13:53:43+00:00","description":"Ferienwohnungen Ute Gr\u00e4f - Afdruk - Oberbachstra\u00dfe 69 - 56812 Cochem - Duitsland","breadcrumb":{"@id":"https:\/\/www.ferienwohnungen-graef.de\/nl\/afdruk\/#breadcrumb"},"inLanguage":"nl-NL","potentialAction":[{"@type":"ReadAction","target":["https:\/\/www.ferienwohnungen-graef.de\/nl\/afdruk\/"]}]},{"@type":"BreadcrumbList","@id":"https:\/\/www.ferienwohnungen-graef.de\/nl\/afdruk\/#breadcrumb","itemListElement":[{"@type":"ListItem","position":1,"name":"Startseite","item":"https:\/\/www.ferienwohnungen-graef.de\/nl\/"},{"@type":"ListItem","position":2,"name":"Afdruk"}]},{"@type":"WebSite","@id":"https:\/\/www.ferienwohnungen-graef.de\/nl\/#website","url":"https:\/\/www.ferienwohnungen-graef.de\/nl\/","name":"Ferienwohnungen Ute Gr\u00e4f","description":"Ferienwohnungen in Cochem an der Mosel","inLanguage":"nl-NL"}]}},"_links":{"self":[{"href":"https:\/\/www.ferienwohnungen-graef.de\/nl\/wp-json\/wp\/v2\/pages\/18651","targetHints":{"allow":["GET"]}}],"collection":[{"href":"https:\/\/www.ferienwohnungen-graef.de\/nl\/wp-json\/wp\/v2\/pages"}],"about":[{"href":"https:\/\/www.ferienwohnungen-graef.de\/nl\/wp-json\/wp\/v2\/types\/page"}],"author":[{"embeddable":true,"href":"https:\/\/www.ferienwohnungen-graef.de\/nl\/wp-json\/wp\/v2\/users\/1"}],"replies":[{"embeddable":true,"href":"https:\/\/www.ferienwohnungen-graef.de\/nl\/wp-json\/wp\/v2\/comments?post=18651"}],"version-history":[{"count":4,"href":"https:\/\/www.ferienwohnungen-graef.de\/nl\/wp-json\/wp\/v2\/pages\/18651\/revisions"}],"predecessor-version":[{"id":18675,"href":"https:\/\/www.ferienwohnungen-graef.de\/nl\/wp-json\/wp\/v2\/pages\/18651\/revisions\/18675"}],"wp:attachment":[{"href":"https:\/\/www.ferienwohnungen-graef.de\/nl\/wp-json\/wp\/v2\/media?parent=18651"}],"curies":[{"name":"wp","href":"https:\/\/api.w.org\/{rel}","templated":true}]}}

<div class="wpb-content-wrapper"><p>[vc_row css=&#8221;.vc_custom_1547636865935{padding-top: 40px !important;padding-bottom: 85px !important;}&#8221;][vc_column width=&#8221;1/2&#8243; css=&#8221;.vc_custom_1548332750396{padding-right: 6% !important;}&#8221; el_class=&#8221;rs_col-sm-12&#8243;][vc_column_text]</p>
<div class="desc clear noBorder">
<p><strong>Ferienwohnungen Ute Gräf</strong><br />
Oberbachstraße 69<br />
56812 Cochem<br />
Duitsland</p>
<p>Telefoon: 02671/60 32 04<br />
Mobieltje: 0049 151 2404 16 12 (after 2:30 p.m.)<br />
E-mail: <a title="info@ferienwohnungen-graef.de" href="mailto:info@ferienwohnungen-graef.de">info@ferienwohnungen-graef.de</a><br />
<a title="www.ferienwohnungen-graef.de" href="http://www.ferienwohnungen-graef.de">www.ferienwohnungen-graef.de</a></p>
<p>&nbsp;</p>
<p><strong>Web Design &amp; Implementatie:</strong><br />
EYETM | Design &amp; Kommunikation<br />
<a title="www.eyetm.com" href="http://www.eyetm.com">www.eyetm.com</a></p>
</div>
<p>[/vc_column_text][/vc_column][vc_column width=&#8221;1/2&#8243; css=&#8221;.vc_custom_1548332757252{padding-left: 8% !important;}&#8221; el_class=&#8221;rs_col-sm-12&#8243;][vc_single_image image=&#8221;17607&#8243; img_size=&#8221;large&#8221;][/vc_column][/vc_row]</p>
</div>

<p>[vc_row css=&#8221;.vc_custom_1547636865935{padding-top: 40px !important;padding-bottom: 85px !important;}&#8221;][vc_column width=&#8221;1/2&#8243; css=&#8221;.vc_custom_1548332750396{padding-right: 6% !important;}&#8221; el_class=&#8221;rs_col-sm-12&#8243;][vc_column_text] Ferienwohnungen Ute Gräf Oberbachstraße 69 56812 Cochem Duitsland Telefoon: 02671/60 32 04 Mobieltje: 0049 151 2404 16 12 (after 2:30 p.m.) E-mail: info@ferienwohnungen-graef.de www.ferienwohnungen-graef.de &nbsp; Web Design &amp; Implementatie: EYETM | Design &amp; Kommunikation www.eyetm.com [/vc_column_text][/vc_column][vc_column width=&#8221;1/2&#8243; css=&#8221;.vc_custom_1548332757252{padding-left: 8% !important;}&#8221; el_class=&#8221;rs_col-sm-12&#8243;][vc_single_image image=&#8221;17607&#8243; img_size=&#8221;large&#8221;][/vc_column][/vc_row]</p>

<!-- This site is optimized with the Yoast SEO plugin v27.3 - https://yoast.com/product/yoast-seo-wordpress/ -->
<title>Afdruk - Ferienwohnungen Ute Gräf</title>
<meta name="description" content="Ferienwohnungen Ute Gräf - Afdruk - Oberbachstraße 69 - 56812 Cochem - Duitsland" />
<meta name="robots" content="index, follow, max-snippet:-1, max-image-preview:large, max-video-preview:-1" />
<link rel="canonical" href="https://www.ferienwohnungen-graef.de/nl/afdruk/" />
<meta property="og:locale" content="nl_NL" />
<meta property="og:type" content="article" />
<meta property="og:title" content="Afdruk - Ferienwohnungen Ute Gräf" />
<meta property="og:description" content="Ferienwohnungen Ute Gräf - Afdruk - Oberbachstraße 69 - 56812 Cochem - Duitsland" />
<meta property="og:url" content="https://www.ferienwohnungen-graef.de/nl/afdruk/" />
<meta property="og:site_name" content="Ferienwohnungen Ute Gräf" />
<meta property="article:modified_time" content="2020-07-06T13:53:43+00:00" />
<meta name="twitter:card" content="summary_large_image" />
<script type="application/ld+json" class="yoast-schema-graph">{"@context":"https:\/\/schema.org","@graph":[{"@type":"WebPage","@id":"https:\/\/www.ferienwohnungen-graef.de\/nl\/afdruk\/","url":"https:\/\/www.ferienwohnungen-graef.de\/nl\/afdruk\/","name":"Afdruk - Ferienwohnungen Ute Gräf","isPartOf":{"@id":"https:\/\/www.ferienwohnungen-graef.de\/nl\/#website"},"datePublished":"2020-06-23T13:25:09+00:00","dateModified":"2020-07-06T13:53:43+00:00","description":"Ferienwohnungen Ute Gräf - Afdruk - Oberbachstraße 69 - 56812 Cochem - Duitsland","breadcrumb":{"@id":"https:\/\/www.ferienwohnungen-graef.de\/nl\/afdruk\/#breadcrumb"},"inLanguage":"nl-NL","potentialAction":[{"@type":"ReadAction","target":["https:\/\/www.ferienwohnungen-graef.de\/nl\/afdruk\/"]}]},{"@type":"BreadcrumbList","@id":"https:\/\/www.ferienwohnungen-graef.de\/nl\/afdruk\/#breadcrumb","itemListElement":[{"@type":"ListItem","position":1,"name":"Startseite","item":"https:\/\/www.ferienwohnungen-graef.de\/nl\/"},{"@type":"ListItem","position":2,"name":"Afdruk"}]},{"@type":"WebSite","@id":"https:\/\/www.ferienwohnungen-graef.de\/nl\/#website","url":"https:\/\/www.ferienwohnungen-graef.de\/nl\/","name":"Ferienwohnungen Ute Gräf","description":"Ferienwohnungen in Cochem an der Mosel","inLanguage":"nl-NL"}]}</script>
<!-- / Yoast SEO plugin. -->

Afdruk - Ferienwohnungen Ute Gräf

Ferienwohnungen Ute Gräf - Afdruk - Oberbachstraße 69 - 56812 Cochem - Duitsland

Ferienwohnungen Ute Gräf
